16
Convert 4 (base 13) to base 2.
100
Convert 1203 (base 4) to base 16.
63
-11 (base 2) to base 5
-3
What is -7 (base 8) in base 3?
-21
What is -4 (base 7) in base 15?
-4
What is 34 (base 9) in base 11?
29
Convert 1433 (base 5) to base 13.
159
1 (base 13) to base 7
1
Convert a9 (base 13) to base 4.
2023
Convert 23 (base 12) to base 10.
27
What is -5a (base 11) in base 16?
-41
Convert -1a (base 12) to base 3.
-211
Convert -18 (base 11) to base 5.
-34
Convert -7 (base 10) to base 6.
-11
What is -24 (base 7) in base 10?
-18
Convert -23 (base 4) to base 8.
-13
Convert -21 (base 6) to base 12.
-11
Convert -195 (base 13) to base 6.
-1203
Convert 225 (base 7) to base 4.
1311
What is -2 (base 4) in base 7?
-2
-74 (base 14) to base 12
-86
Convert 1 (base 4) to base 3.
1
118 (base 9) to base 4
1202
What is 22 (base 12) in base 14?
1c
-324 (base 6) to base 8
-174
What is -110010 (base 2) in base 8?
-62
101 (base 2) to base 6
5
Convert 4 (base 11) to base 4.
10
What is -10011 (base 2) in base 16?
-13
Convert -8 (base 11) to base 4.
-20
15 (base 12) to base 10
17
What is 292 (base 10) in base 6?
1204
What is 152 (base 8) in base 5?
411
Convert -2a3 (base 12) to base 11.
-344
Convert -1001101 (base 2) to base 6.
-205
Convert -144 (base 6) to base 4.
-1000
Convert -16 (base 9) to base 5.
-30
Convert -16 (base 15) to base 4.
-111
0 (base 14) to base 6
0
Convert 1045 (base 7) to base 9.
457
What is -f9 (base 16) in base 12?
-189
-1 (base 6) to base 5
-1
Convert 134 (base 8) to base 15.
62
Convert 146 (base 8) to base 4.
1212
Convert 1003 (base 4) to base 7.
124
2 (base 3) to base 14
2
Convert -6 (base 7) to base 10.
-6
What is 6 (base 11) in base 10?
6
What is -2 (base 13) in base 5?
-2
Convert -2013 (base 4) to base 6.
-343
Convert 30 (base 6) to base 15.
13
What is -1010000 (base 2) in base 14?
-5a
-211 (base 4) to base 8
-45
Convert -44 (base 13) to base 16.
-38
Convert 7 (base 8) to base 15.
7
What is -21 (base 3) in base 5?
-12
Convert -25 (base 14) to base 7.
-45
Convert -1253 (base 6) to base 8.
-501
-5b (base 15) to base 9
-105
1c (base 15) to base 8
33
0 (base 13) to base 12
0
Convert 10 (base 11) to base 4.
23
Convert 0 (base 13) to base 9.
0
d (base 15) to base 7
16
What is -3 (base 16) in base 5?
-3
What is 1100001 (base 2) in base 15?
67
What is -1000 (base 3) in base 8?
-33
What is 2 (base 9) in base 13?
2
Convert -5 (base 13) to base 3.
-12
What is -1 (base 8) in base 2?
-1
-146 (base 8) to base 11
-93
-20 (base 12) to base 13
-1b
Convert 79 (base 14) to base 8.
153
What is -154 (base 8) in base 11?
-99
Convert 16 (base 8) to base 7.
20
Convert -18 (base 9) to base 15.
-12
Convert -2c (base 16) to base 3.
-1122
-112 (base 13) to base 2
-10111000
-7 (base 9) to base 10
-7
What is -2 (base 16) in base 15?
-2
Convert 1056 (base 7) to base 15.
1a9
Convert 1 (base 6) to base 10.
1
Convert -323 (base 4) to base 7.
-113
What is 0 (base 15) in base 10?
0
What is -10210 (base 4) in base 11?
-246
Convert 5 (base 14) to base 8.
5
What is 15 (base 12) in base 8?
21
Convert 0 (base 15) to base 13.
0
Convert 1 (base 10) to base 8.
1
Convert -1d (base 16) to base 3.
-1002
-3 (base 10) to base 12
-3
What is 25 (base 6) in base 7?
23
What is -22 (base 4) in base 13?
-a
Convert -5 (base 11) to base 5.
-10
Convert 2223 (base 5) to base 7.
625
Convert -2 (base 12) to base 6.
-2
1 (base 16) to base 14
1
-189 (base 12) to base 13
-162
70 (base 15) to base 7
210
Convert -63 (base 12) to base 16.
-4b
-1 (base 6) to base 8
-1
-212 (base 7) to base 4
-1223
-2 (base 3) to base 6
-2
-3 (base 4) to base 16
-3
Convert 2 (base 12) to base 4.
2
What is 1 (base 6) in base 13?
1
What is -1 (base 6) in base 14?
-1
Convert -17 (base 11) to base 9.
-20
What is 7 (base 10) in base 15?
7
3 (base 8) to base 9
3
24 (base 7) to base 15
13
Convert -7 (base 8) to base 2.
-111
Convert -261 (base 10) to base 12.
-199
What is -2 (base 16) in base 6?
-2
Convert 11 (base 4) to base 3.
12
What is 21c (base 13) in base 15?
193
12 (base 16) to base 5
33
What is 2 (base 11) in base 12?
2
What is 267 (base 11) in base 9?
380
What is -29 (base 16) in base 12?
-35
a (base 16) to base 4
22
What is 11 (base 3) in base 7?
4
-1 (base 3) to base 9
-1
Convert -3c (base 15) to base 13.
-45
What is -2f (base 16) in base 13?
-38
-2 (base 12) to base 2
-10
10 (base 10) to base 2
1010
2 (base 13) to base 16
2
Convert 10011 (base 2) to base 3.
201
What is 1 (base 11) in base 4?
1
-10110010 (base 2) to base 10
-178
10 (base 7) to base 10
7
Convert 1 (base 14) to base 11.
1
What is 1010 (base 4) in base 15?
48
Convert -4 (base 13) to base 8.
-4
-13 (base 13) to base 3
-121
What is -12 (base 13) in base 12?
-13
What is -112 (base 4) in base 5?
-42
Convert -7 (base 9) to base 12.
-7
Convert -1211 (base 4) to base 13.
-7a
What is c9 (base 15) in base 3?
21000
What is -21 (base 3) in base 5?
-12
Convert 0 (base 13) to base 11.
0
1 (base 14) to base 8
1
4 (base 5) to base 14
4
What is -4 (base 13) in base 10?
-4
Convert 340 (base 5) to base 16.
5f
What is 9 (base 13) in base 14?
9
Convert 0 (base 14) to base 12.
0
Convert -12 (base 9) to base 2.
-1011
-3b (base 15) to base 11
-51
Convert -14 (base 10) to base 9.
-15
Convert 4 (base 10) to base 4.
10
What is 3 (base 9) in base 3?
10
-1 (base 8) to base 6
-1
Convert -6 (base 14) to base 3.
-20
Convert -3 (base 10) to base 5.
-3
What is -3 (base 12) in base 5?
-3
What is -9 (base 13) in base 8?
-11
What is -14 (base 12) in base 5?
-31
-9 (base 13) to base 5
-14
Convert 1 (base 16) to base 7.
1
What is 133 (base 5) in base 9?
47
What is 22 (base 8) in base 12?
16
What is -4a (base 15) in base 9?
-77
What is -3a (base 12) in base 10?
-46
101 (base 2) to base 12
5
Convert -10 (base 13) to base 2.
-1101
What is -10 (base 13) in base 3?
-111
What is -14 (base 5) in base 7?
-12
What is -5 (base 12) in base 6?
-5
Convert 40 (base 7) to base 3.
1001
What is 34 (base 5) in base 12?
17
Convert 0 (base 15) to base 2.
0
What is -29 (base 12) in base 8?
-41
20 (base 10) to base 9
22
What is -414 (base 5) in base 8?
-155
What is 0 (base 4) in base 14?
0
Convert -3 (base 4) to base 8.
-3
What is -1 (base 7) in base 12?
-1
20201 (base 3) to base 9
221
Convert -6 (base 8) to base 6.
-10
Convert 22220 (base 3) to base 9.
286
15 (base 8) to base 16
d
344 (base 6) to base 8
210
Convert 4 (base 13) to base 14.
4
What is -8 (base 10) in base 16?
-8
Convert 1c (base 16) to base 2.
11100
Convert -17 (base 13) to base 8.
-24
What is 51 (base 15) in base 4?
1030
-2 (base 9) to base 12
-2
What is 11 (base 11) in base 4?
30
Convert 17 (base 15) to base 5.
42
Convert 26 (base 11) to base 14.
20
What is -43 (base 8) in base 9?
-38
Convert 4 (base 16) to base 2.
100
-b (base 16) to base 6
-15
0 (base 4) to base 10
0
What is -12 (base 3) in base 12?
-5
-1013 (base 4) to base 9
-78
14 (base 12) to base 3
121
aa (base 12) to base 16
82
What is -2 (base 9) in base 3?
-2
What is 1 (base 12) in base 16?
1
-2 (base 16) to base 4
-2
What is 7d (base 15) in base 13?
91
What is -3d (base 15) in base 11?
-53
-101 (base 6) to base 11
-34
Convert -49 (base 11) to base 7.
-104
Convert 102 (base 3) to base 13.
b
What is -2 (base 12) in base 8?
-2
Convert 30 (base 4) to base 16.
c
What is -14 (base 7) in base 15?
-b
Convert -227 (base 10) to base 11.
-197
What is 1000101 (base 2) in base 14?
4d
What is 23 (base 4) in base 7?
14
What is -611 (base 8) in base 10?
-393
Convert 1 (base 4) to base 5.
1
-8 (base 11) to base 15
-8
19 (base 16) to base 11
23
What is 3 (base 11) in base 14?
3
What is 0 (base 12) in base 7?
0
-87 (base 10) to base 15
-5c
-10 (base 2) to base 9
-2
111000 (base 2) to base 8
70
-304 (base 7) to base 9
-177
Convert -10111 (base 2) to base 4.
-113
What is 5b (base 16) in base 12?
77
-27 (base 10) to base 6
-43
-14 (base 13) to base 10
-17
-112 (base 9) to base 7
-161
What is -11 (base 2) in base 16?
-3
Convert -3 (base 4) to base 12.
-3
What is -1 (base 16) in base 10?
-1
Convert -11 (base 6) to base 13.
-7
Convert 42 (base 5) to base 9.
24
What is 13 (base 4) in base 9?
7
Convert -a2 (base 12) to base 5.
-442
-10001 (base 2) to base 14
-13
Convert 31 (base 5) to base 13.
13
1 (base 12) to base 15
1
Convert 2 (base 3) to base 9.
2
What is 4 (base 16) in base 6?
4
What is 541 (base 7) in base 3?